 y and 30.
10
Let t(d) = -14*d - 8. Let z(y) = 6*y + 10. Let i be z(-3). Let r be t(i). Calculate the highest common divisor of r and 13.
13
Let u = -107 - -284. What is the greatest common divisor of 118 and u?
59
Let q(g) = 4*g - 9 + 14 - 12 + g**3 - 3*g**2. Let n be q(3). What is the highest common divisor of n and 25?
5
Let t be ((-728)/10)/(-8 + 418/55). Calculate the highest common factor of t and 637.
91
Let g(z) = -14*z**2 - 1. Let f be g(1). Let s be f/21 - 4/14. Let u be (-14)/s + (-2)/2. What is the greatest common divisor of 13 and u?
13
Let a be (-522)/(-14) - (-8)/(-28). Let d = 95 - a. Let w be ((-87)/5)/(8/(-40)). What is the greatest common factor of d and w?
29
Let v(z) = 6*z**2 - 25*z + 8. Let m be v(11). What is the highest common factor of m and 102?
51
Suppose 27 = 8*j - 5. Suppose -2*r = -j*r + 14. What is the highest common divisor of r and 77?
7
Let l(z) = -2*z**2 - 8*z - 2. Let p be (-7 + 1)/((-3)/(-2)). Let h be l(p). Let x be 113 - (-5 - h)/1. Calculate the highest common factor of x and 29.
29
Let y = 35 + -22. Calculate the highest common factor of 117 and y.
13
Let t(g) = g**3 + 6*g**2 - 15*g + 28. Let s be t(-8). Suppose 3*b + 0*b = -r + 62, 5*r = 2*b + 242. What is the highest common factor of s and r?
10
Let v = -28 + 29. Let p be v - 1 - 10/(-5). Calculate the highest common divisor of p and 3.
1
Suppose 21*f - 19*f + 5*b = 2550, -5*b = -f + 1245. Calculate the greatest common divisor of 55 and f.
55
Let g(k) = 11*k + 19. Let v be g(7). Let x(w) = -15*w + 4. Let u be x(-4). Calculate the highest common divisor of u and v.
32
Let g be (1 - -48) + 1 + -3. Let m = 53 - g. Calculate the greatest common factor of 1 and m.
1
Suppose -2*k - t + 265 = 0, -4*k + 4*t = -0*t - 560. Suppose -5*h = 4*r - 40, -3*h - 9 = 3. Calculate the greatest common divisor of r and k.
15
Suppose 5*f = -h + 52, h - 1 = 1. Let k be -5 - 5/(((-35)/(-30) + -1)*-2). What is the greatest common divisor of f and k?
10
Let o be -24 - (-48)/36*(-3)/(-2). Suppose 99 = i - 4*i. Let f = o - i. What is the highest common divisor of 99 and f?
11
Suppose -4*k - 4*y = 52, y - 23 = 3*k - 0*y. Let b = -22 - k. Let l = 17 + b. Calculate the highest common divisor of 32 and l.
4
Let i be ((-6)/((-60)/(-25)))/(2/(-12)). Let u(k) = k**3 + 9*k**2 - 7*k - 18. Let w be u(-9). What is the highest common divisor of i and w?
15
Suppose 0 = -3*h + x - 5, 5*h - h - 3*x = -15. Let k be -4 + (h - -4) - 9/(-1). Calculate the greatest common divisor of 3 and k.
3
Suppose -3*v - 25 = 2*v. Let d be -4 + (-75)/v + 2. What is the highest common factor of 13 and d?
13
Suppose i = 4*x, -2*x + 3*i - 10 = -0*x. Let q = -4 - x. Let w be 9 + (-3 - q - -1). Calculate the highest common divisor of w and 12.
12
Let b(w) = -2*w**2 + 37*w + 21. Let t be b(19). Calculate the greatest common divisor of t and 42.
2
Let j be 1188/(-15)*3/(-12)*10. Calculate the highest common divisor of j and 54.
18
Let c be -4*(-145)/(-110)*-11. Calculate the highest common divisor of c and 754.
58
Let b(f) = 2*f**2 - 3*f + 2. Let m be 1*((-3)/(-3) + -3). Let h be -2*(1 + m + 0). Let z be b(h). Calculate the highest common factor of 10 and z.
2
Let t = -305 + 306. Calculate the greatest common divisor of t and 23.
1
Suppose 6*n - n - 95 = 0. Calculate the greatest common factor of 152 and n.
19
Let d be (-9)/(-6) - 6/(-4). Suppose 4*j = -5*s + s + 28, 3*s = -d. Suppose -j*p = -3*p - 75. What is the greatest common divisor of p and 10?
5
Suppose 0 = -5*n + 5, -n - 2*n = -5*z + 2157. Suppose -4*g + 834 - 114 = 5*u, 5*g = -3*u + z. What is the greatest common factor of 16 and u?
16
Let k(j) = -j**3 + j**2 - j - 7. Let h be k(0). Let z be h/1*360/(-84). Suppose -w + z = -10. Calculate the greatest common divisor of 100 and w.
20
Let b(i) = i - 1. Let q be b(-1). Let t be q/3 - (-22)/6. Let k(h) = h**2 + 31*h + 189. Let a be k(-24). What is the highest common factor of t and a?
3
Let m = -13 - -20. Suppose -2*i + m*i - 279 = a, 0 = -4*a - 16. Calculate the highest common divisor of i and 5.
5
Let l = -8 + 11. Suppose 5 = -f - 4*s + 2*s, l*f - 13 = s. What is the greatest common factor of 2 and f?
1
Let x be 678/57 - 34/(-323). Suppose 3*n - 49 = -3*y + 8*n, -2*y - 3*n + 1 = 0. What is the greatest common divisor of y and x?
4
Suppose 0 = -2*d + 5*f + 643, -6*d + 3*d = 3*f - 975. Calculate the highest common divisor of d and 60.
12
Let l = 205 - -7. What is the greatest common factor of 159 and l?
53
Suppose -4*r = -18*r + 182. Let t = 64 - -53. Calculate the highest common divisor of r and t.
13
Suppose 0 = 2*q + 7*q - 63. Suppose -q*i - 66 = -80. Let x = -5 - -21. What is the highest common divisor of x and i?
2
Suppose 4*u = 8*u - 156. Suppose t + 3*t - g = 37, u = 3*t + 3*g. Let x be (48/(-20))/((-3)/t). Calculate the highest common factor of 4 and x.
4
Suppose 0 = 2*n - 2*a - 22, 0 = 2*n - 5*a - 0 - 19. Suppose -981 = -29*o + 2151. What is the highest common divisor of n and o?
12
Let b(v) = -v**3 + 10*v**2 - 10*v + 13. Let s be b(9). Suppose 2*h - 3*k - 147 = h, -s*k = -20. Calculate the greatest common divisor of 18 and h.
18
Let w(x) = 30*x**2. Let k be w(-1). Suppose 193 = -4*g + 217. What is the highest common factor of k and g?
6
Let p be -4*3/(12/(-23)). Suppose -5*l - 117 = -4*a, 2*a - 33*l + 29*l - 66 = 0. Calculate the greatest common divisor of p and a.
23
Suppose -4*v + 70 + 250 = 0. Suppose 4*n = k - 20, 4*k - v = 5*n - 2*n. Let f = 125 + -117. What is the highest common divisor of f and k?
4
Let m = 12 + 84. Suppose 5*a + 5*d = 2*a - 200, -a - 76 = -3*d. Let y be (-854)/a - 2/10. What is the highest common factor of y and m?
12
Let l(a) = -2*a**3 + 8*a**2 - 6*a + 1. Let w be l(3). Let s(j) = 37*j - 4. Let f be s(w). Calculate the highest common factor of 22 and f.
11
Suppose -13*f + 18*f - 5026 = -3*q, 0 = -4*f - 3*q + 4019. What is the highest common divisor of 53 and f?
53
Let j = -8 - -11. Let c(g) = 0*g + 4*g**3 - g + 1 + 50*g**j. Let u be c(1). What is the greatest common factor of u and 27?
27
Let r be (-5)/7 + 19912/917. Calculate the highest common factor of r and 112.
7
Let c = -183 + 264. What is the highest common factor of 18 and c?
9
Suppose -3*q - 2 = 34. Let u(f) = -2*f - 21. Let k be u(q). Suppose 0 = -5*w + 43 + 122. What is the highest common factor of w and k?
3
Let m(w) = 8*w**2 - w + 1. Let h be m(-2). Suppose -3*f = 10 + 2, -f = -s + 39. Calculate the greatest common divisor of h and s.
35
Let u(o) be the first derivative of -o**4/4 - 7*o**3/3 - o**2/2 - 10*o + 4. Let y be u(-8). Calculate the greatest common factor of 31 and y.
31
Let s(f) = 2*f**2 + 10*f - 27. Let c be s(5). Calculate the highest common factor of 511 and c.
73
Suppose i + 172 = 5*f, 5*i - 142 = -4*f + 8*i. Calculate the greatest common divisor of 187 and f.
17
Let j(b) = 4*b**2 - 13*b - 6*b**2 - 7 + 23 + 3*b**2. Let x be j(12). What is the highest common factor of 36 and x?
4
Let p = -21 - -40. What is the greatest common divisor of p and 76?
19
Suppose -3*r + 318 = 19*m - 16*m, 2*r - 216 = -4*m. Calculate the greatest common factor of 16 and r.
8
Let c be (-1 - -1) + 62 - 4/4. What is the highest common divisor of 488 and c?
61
Let o(z) = -4*z - 14. Let d be (-34)/(-119) - 44/7. Let c be o(d). What is the greatest common divisor of c and 10?
10
Let u(i) = 27*i + 63. Let p be u(11). Calculate the highest common factor of p and 80.
40
Suppose 0 = 4*s - 2*f - 14, 2*s = 2*f + 5 + 5. Calculate the greatest common factor of 106 and s.
2
Let j be ((-6 - -3)*1)/(-1). Suppose 490 = j*g + 2*g. Suppose 2*s = -0*s + g. Calculate the highest common divisor of s and 7.
7
Suppose -n - 4*n + 4*u = -10, 8 = 4*n - 5*u. Suppose 5*m = 3 + n. Let r(b) = 40*b**2 - 2*b + 2. Let f be r(m). Calculate the highest common factor of f and 16.
8
Suppose -2*p = 2*y - 260, -y + 2*p = -210 + 80. What is the highest common factor of y and 5?
5
Let i(h) = 49*h**2 - 12*h - 37. Let c be i(-3). What is the highest common divisor of 264 and c?
88
Let u be -1 - (-1 - 0/3). Suppose 4*r = -p + 51, u*p + 66 = 4*r - 2*p. Calculate the greatest common factor of r and 154.
14
Let i(w) = -18*w + 252. Let y be i(11). What is the greatest common divisor of y and 1026?
54
Suppose -d = -8*g + 6*g + 719, 0 = d - 1. What is the highest common fac